1
In base 16, what is 1abd + -6?
1ab7
In base 16, what is 15 + -338?
-323
In base 6, what is 2023 + 2505?
4532
In base 6, what is 5224423 - 4?
5224415
In base 8, what is 6 + -3772?
-3764
In base 8, what is -2 + -261052?
-261054
In base 7, what is 5 + -1120253?
-1120245
In base 7, what is -2350 + -652?
-3332
In base 9, what is -4 - 575288?
-575303
In base 4, what is 12102 + -122?
11320
In base 15, what is 0 + 1032c6?
1032c6
In base 8, what is -2 - -15706?
15704
In base 2, what is -111110001111000111 - 100?
-111110001111001011
In base 14, what is 3 + -a5d?
-a5a
In base 6, what is -13243154 - -4?
-13243150
In base 12, what is -115 - 2336?
-244b
In base 12, what is -3 - -bbb?
bb8
In base 3, what is -121222 + 0?
-121222
In base 7, what is -1253 + 34?
-1216
In base 15, what is -8bd10a - -4?
-8bd106
In base 3, what is 1010120 - 220?
1002200
In base 13, what is -3 + 508a?
5087
In base 2, what is 1110101 - -10010011?
100001000
In base 7, what is 1 - -4066?
4100
In base 2, what is -100110010 - -11100101?
-1001101
In base 11, what is 9 - 8433?
-8425
In base 2, what is -101100000101111 - 110?
-101100000110101
In base 13, what is 1160 - -3?
1163
In base 6, what is 0 - -405320?
405320
In base 13, what is -86822 - 12?
-86834
In base 7, what is 4 - 56204?
-56200
In base 8, what is -7 - -21612?
21603
In base 13, what is -910 + b3?
-82a
In base 12, what is 25889 - 8?
25881
In base 12, what is -3 + -3788?
-378b
In base 11, what is -a56a + -46?
-a605
In base 11, what is -5a56 + -1?
-5a57
In base 9, what is 33 + -3134?
-3101
In base 8, what is 733630 + 0?
733630
In base 5, what is -2113334 - -40?
-2113244
In base 15, what is -3 - -6307?
6304
In base 16, what is -19e9 + 18?
-19d1
In base 3, what is 2021122 - -22122?
2121021
In base 13, what is -34843 + 3?
-34840
In base 3, what is -1200 + -2112111?
-2121011
In base 6, what is -4255203 - 4?
-4255211
In base 12, what is 556 - -7?
561
In base 13, what is 0 - -7794b?
7794b
In base 14, what is 2b + 841c?
8449
In base 3, what is -1000211210 - -1?
-1000211202
In base 15, what is 70159 + 2?
7015b
In base 6, what is -1105405 - -1?
-1105404
In base 9, what is -18472351 + 0?
-18472351
In base 3, what is -11 + -222102020110?
-222102020121
In base 8, what is 27 + -603?
-554
In base 3, what is -201200 + 10?
-201120
In base 11, what is a27 - -181?
10a8
In base 4, what is -32321 - -2221?
-30100
In base 7, what is 43142 + 5?
43150
In base 8, what is 66 - 230?
-142
In base 7, what is 331 + -3615?
-3254
In base 14, what is a7471 - 5?
a746a
In base 5, what is -3 - 14200?
-14203
In base 14, what is -444 + 144?
-300
In base 7, what is 2 + -1144226?
-1144224
In base 4, what is -302210002301 + 2?
-302210002233
In base 14, what is -b3 - 8b?
-160
In base 11, what is 4 + -4861?
-4858
In base 3, what is -12121120 + -222?
-12122112
In base 14, what is -214 - 222?
-436
In base 9, what is -32104 + 86?
-32007
In base 2, what is 10001000111001000 + -1?
10001000111000111
In base 13, what is 3 + ca1c?
ca22
In base 3, what is -12 + 120021120012?
120021120000
In base 15, what is 1 - 3188?
-3187
In base 5, what is -2042421042 - 2?
-2042421044
In base 3, what is 201212202220 - 11?
201212202202
In base 5, what is -33431 + -3?
-33434
In base 8, what is -700 - 75?
-775
In base 14, what is 211840 + -3?
21183b
In base 13, what is 2 - -13c20b?
13c210
In base 3, what is -100212100 + -122?
-100212222
In base 12, what is -16951 - -3?
-1694a
In base 12, what is 5 - 1a37?
-1a32
In base 10, what is -84497 - -1?
-84496
In base 3, what is 10122100212 - 1?
10122100211
In base 13, what is 47c7 - 14?
47b3
In base 5, what is -4 + -13342314?
-13342323
In base 15, what is -3 + 11618?
11615
In base 3, what is -211121 + 112221201?
112010010
In base 10, what is 351 - -16914?
17265
In base 4, what is 1002031 + -11?
1002020
In base 10, what is 2 - -75227?
75229
In base 5, what is 200 + -1440?
-1240
In base 12, what is -108943 + -12?
-108955
In base 14, what is -100 - 8?
-108
In base 16, what is -64b3 - f?
-64c2
In base 8, what is -65 + 316?
231
In base 10, what is -3 + 8235?
8232
In base 15, what is -23614 - 2?
-23616
In base 3, what is -110220121 - 1102?
-110222000
In base 4, what is -2 - 2032030?
-2032032
In base 14, what is 0 - 10989c?
-10989c
In base 2, what is 100100000 - 1000100011?
-100000011
In base 9, what is 731 + -2?
728
In base 2, what is -11010100111 + 110000110?
-10100100001
In base 16, what is 175e - -59?
17b7
In base 9, what is 442762 + 3?
442765
In base 7, what is -1153013 + -5?
-1153021
In base 4, what is -20 + 10123002?
10122322
In base 13, what is 0 - 17cb0?
-17cb0
In base 5, what is 4102423 + 0?
4102423
In base 8, what is 2343 + 1161?
3524
In base 4, what is 110332 - 20122?
30210
In base 9, what is -330 - -5658?
5328
In base 5, what is -2223330324 - 1?
-2223330330
In base 15, what is 1011b + 5?
10121
In base 13, what is 785 - 1c6?
58c
In base 13, what is 88 + -5c17?
-5b5c
In base 4, what is 13 + -130011?
-123332
In base 8, what is 11 - 20451?
-20440
In base 6, what is -245 + 15552?
15303
In base 6, what is -4 + -42251213?
-42251221
In base 14, what is 4c - 26?
26
In base 2, what is 1111101 - 111001010?
-101001101
In base 11, what is 370076 - 5?
370071
In base 5, what is 11421141 + 3?
11421144
In base 3, what is 20221021 + -1200?
20212121
In base 12, what is 4 + 692b35?
692b39
In base 13, what is -a7 + 5150?
5076
In base 15, what is 54 - 8a?
-36
In base 16, what is 99 - -1976?
1a0f
In base 10, what is 46 + -56963?
-56917
In base 4, what is 3330 + -31102?
-21112
In base 2, what is 101000110 + 100110101110?
101011110100
In base 3, what is 112 + -10110000?
-10102111
In base 8, what is -2170 - 166?
-2356
In base 10, what is -4 - 18154?
-18158
In base 15, what is -2a - -191c6?
1919b
In base 11, what is 2502 + -11?
24a1
In base 4, what is -11 + -1023?
-1100
In base 7, what is -131111 + 4?
-131104
In base 16, what is -3e9 + 1e?
-3cb
In base 11, what is 711333 - 3?
711330
In base 2, what is -1000 - -101011000110100?
101011000101100
In base 5, what is 1341322 - 1033?
1340234
In base 12, what is -22809 + -2?
-2280b
In base 9, what is 3 - 2437075?
-2437072
In base 15, what is 205abb + -3?
205ab8
In base 9, what is -8 + 5315?
5306
In base 3, what is -12120 + -12011002?
-12100122
In base 14, what is 2 - -70865?
70867
In base 10, what is -1 + 6893?
6892
In base 10, what is -419 - -169?
-250
In base 12, what is -1a861 - -2?
-1a85b
In base 3, what is -21200 - 11010?
-102210
In base 13, what is -a01 + -3?
-a04
In base 12, what is -1803 - -10?
-17b3
In base 15, what is -4 + -112e0?
-112e4
In base 11, what is 3 + -1a840?
-1a838
In base 11, what is 57 + -10330?
-10284
In base 8, what is -22430 - 73?
-22523
In base 14, what is 146 + 4a?
192
In base 12, what is -37 + 283a9?
28372
In base 10, what is 991727 - -5?
991732
In base 9, what is -35 + 62241?
62205
In base 9, what is -4 - 17777?
-17782
In base 7, what is 0 - -1514352?
1514352
In base 6, what is -21123310 - -4?
-21123302
In base 10, what is -1184567 + 0?
-1184567
In base 12, what is -1644 - 3?
-1647
In base 13, what is a + -2352?
-2345
In base 5, what is 240 - -1044?
1334
In base 3, what is -122211 + 1001?
-121210
In base 2, what is -1001000010000110 + 100?
-1001000010000010
In base 2, what is -10100 - -11000000110?
10111110010
In base 11, what is -258 + -108?
-365
In base 2, what is -1100110000110101000 + -101?
-1100110000110101101
In base 11, what is -12a65 + -15?
-12a7a
In base 7, what is -22563 + 0?
-22563
In base 4, what is -112220302 - 1?
-112220303
In base 3, what is 111002 - 1021002?
-210000
In base 10, what is 5367 - -308?
5675
In base 3, what is 101001110 - -1011?
101002121
In base 6, what is -2 - -122215?
122213
In base 12, what is 5 - 92645?
-92640
In base 9, what is -873742 - -14?
-873727
In base 3, what is 102222011 + -10001?
102212010
In base 2, what is 100 + 1000100110000010?
1000100110000110
In base 9, what is -854 - -48?
-805
In base 3, what is -12200 + -11121?
-101021
In base 11, what is -77 - 2730a?
-27386
In base 11, what is 58597 + 0?
58597
In base 9, what is -813 + 43?
-760
In base 4, what is -1311203 + -3330?
-1321133
In base 9, what is -38 + -3418?
-3457
In base 3, what is 10202002 - -2222000?
20201002
In base 10, what is -59404 + -5?
-59409
In base 6, what is -10111 + -115?
-10230
In base 10,